 + 87. What is j(-11)?
-12
Let b(z) = -2*z**3 - 28*z**2 - 49*z + 21. What is b(-13)?
320
Let l(q) = -q**3 - 11*q**2 + 14*q + 43. Determine l(-12).
19
Let s(n) = n**3 - 7*n**2 - 5856*n + 40987. What is s(7)?
-5
Let j(n) = n**2 - 52*n + 526. Give j(13).
19
Let w(b) = -b - 167. What is w(-25)?
-142
Let r(s) = 4*s**3 + 52*s**2 - s + 13. Determine r(-13).
26
Let c(y) = -35*y - 491. Give c(-14).
-1
Let f(p) = 68*p - 1090. Determine f(16).
-2
Let o(j) = 7062*j - 42365. Give o(6).
7
Let l(k) = -99*k - 1295. Give l(-13).
-8
Let z(d) = -14*d**2 + 102*d + 5. Calculate z(8).
-75
Let j(u) = -5*u - 131. Determine j(-30).
19
Let x(k) = -2*k**3 + 73*k**2 - 41*k + 191. What is x(36)?
11
Let o(y) = 5098*y - 11. Give o(0).
-11
Let z(c) = 40*c**2 + 10*c + 15. Determine z(-2).
155
Let h(s) = s**2 - 782*s - 6299. What is h(-8)?
21
Let k(p) = p**3 - 23*p**2 + 22*p - 3. Calculate k(22).
-3
Let s(d) = -d**2 + 20*d + 5. Determine s(25).
-120
Let u(w) = -1763*w + 10508. Give u(6).
-70
Let h(x) = 32*x**3 - x. Determine h(-1).
-31
Let t(g) = 18*g**2 + 50*g - 7. What is t(-7)?
525
Let t(v) = -5*v + 90. What is t(25)?
-35
Let o(f) = 8214*f - 49289. Give o(6).
-5
Let i(d) = -d**3 + 112*d**2 - 1110*d - 121. What is i(101)?
-20
Let f(x) = -14*x**2 - 38*x - 21. Calculate f(-3).
-33
Let k(r) = -136*r - 812. Give k(-6).
4
Let l(j) = -2*j**3 - 12*j**2 - 22*j - 57. Determine l(-5).
3
Let a(t) = 9*t - 17. Calculate a(5).
28
Let q(g) = -39*g + 73. Calculate q(2).
-5
Let i(p) = -117*p + 5379. Determine i(46).
-3
Let s(m) = -54*m - 3044. What is s(-56)?
-20
Let c(o) = o**3 + o**2 + 6*o. What is c(-3)?
-36
Let x(k) = -10*k - 270. Give x(-16).
-110
Let f(v) = -v**3 - 9*v**2 - 3*v + 19. Give f(-6).
-71
Let g(c) = -12*c - 18. Give g(6).
-90
Let a(n) = n**2 + 10*n - 736. Calculate a(-32).
-32
Let h(l) = 80*l + 4183. What is h(-53)?
-57
Let s(a) = a**2 - 19*a - 42. Calculate s(20).
-22
Let x(o) = -o**3 + 7*o**2 - 17*o - 3. Calculate x(6).
-69
Let y(o) = -o**3 + 3*o**2 - 2*o - 10. Calculate y(6).
-130
Let v(k) = k**3 + 11*k**2 - 27*k - 13. Calculate v(-13).
0
Let t(c) = -c**3 - 47*c**2 - 58*c - 548. What is t(-46)?
4
Let j(x) = -4*x**3 + 4*x**2 - 15*x - 14. What is j(-1)?
9
Let s(b) = 1175*b + 4690. Calculate s(-4).
-10
Let m(t) = -237*t**2 - 715*t - 10. Give m(-3).
2
Let y(m) = 9980*m + 49896. Give y(-5).
-4
Let x(u) = -2*u**2 + 26*u - 79. Determine x(9).
-7
Let m(v) = -v**2 + 52*v + 1631. Calculate m(-22).
3
Let b(c) = -c**3 - 2*c**2 + c + 64. What is b(0)?
64
Let w(h) = -32*h + 26. Give w(3).
-70
Let y(j) = -2*j**2 + 739*j + 4469. Calculate y(-6).
-37
Let i(p) = -p**3 + 45*p**2 - 41*p - 116. Determine i(44).
16
Let v(i) = -146*i + 4770. Give v(33).
-48
Let b(d) = 6567*d - 6566. Determine b(1).
1
Let g(p) = p**3 - 30*p**2 + 34*p - 216. Determine g(29).
-71
Let q(t) = 10*t - 26. Calculate q(-4).
-66
Let k(n) = 2*n**3 + 14*n**2 - 14*n - 28. Determine k(-8).
-44
Let x(i) = 175*i**2 - 34*i + 36. Give x(1).
177
Let t(g) = -7*g**2 - 4*g + 32. Determine t(2).
-4
Let y(p) = -p**2 - 62*p - 58. Calculate y(-62).
-58
Let r(c) = 125*c - 2870. What is r(23)?
5
Let y(g) = -508*g - 77725. Give y(-153).
-1
Let q(i) = 18*i**2 - 7*i - 128. What is q(-7)?
803
Let v(i) = -4*i**3 + 32*i**2 - 28*i - 12. Determine v(7).
-12
Let c(u) = -32*u**2 + 72*u - 65. Determine c(1).
-25
Let s(q) = -q**3 - q**2 + 43*q + 91. Give s(-2).
9
Let p(y) = 997*y + 348958. Calculate p(-350).
8
Let b(p) = -p**3 - 13*p**2 + 15*p + 218. Determine b(-13).
23
Let y(f) = -3*f**2 - 100*f + 1461. What is y(11)?
-2
Let l(h) = -22*h**2 - 990*h + 16. Determine l(-45).
16
Let z(p) = 136*p - 4494. Calculate z(33).
-6
Let d(z) = -13*z + 190. Calculate d(16).
-18
Let s(b) = -19*b**2 - 21*b + 40. Calculate s(4).
-348
Let u(b) = -b**2 + 17*b + 12786. Calculate u(-105).
-24
Let v(q) = -3*q**2 + 61*q - 162. What is v(17)?
8
Let a(s) = -29*s + 37. Determine a(1).
8
Let x(l) = 6*l**2 + 43*l + 32. Calculate x(-1).
-5
Let w(s) = -s**3 - 2*s**2 - 10*s - 24. Calculate w(-3).
15
Let n(m) = m**3 + 42*m**2 - 95*m + 53. Determine n(-44).
361
Let x(f) = f**2 - 108*f - 1721. Determine x(-14).
-13
Let q(n) = -47*n**2 - 329*n - 328. Determine q(-1).
-46
Let y(s) = s**3 + 44*s**2 + 89*s + 136. Give y(-42).
-74
Let u(i) = 4*i**2 + i + 72. Give u(0).
72
Let n(h) = -9*h**3 + 231*h**2 + 29*h - 91. Calculate n(26).
-1365
Let y(t) = -16*t**2 - 13*t - 13. Give y(-1).
-16
Let h(z) = -3*z**3 - 3*z**2 + 7. Determine h(-3).
61
Let n(w) = 8*w**2 - 39*w + 55. Determine n(2).
9
Let k(v) = -48*v**2 - 867*v - 66. Give k(-18).
-12
Let z(l) = 3301*l + 6608. Calculate z(-2).
6
Let g(u) = 1001*u + 3000. What is g(-3)?
-3
Let d(p) = -p**3 - 140*p**2 + 285*p - 3. Determine d(2).
-1
Let q(l) = 2*l**3 + 243*l**2 - 112*l + 1228. Calculate q(-122).
8
Let u(h) = 20*h - 594. What is u(28)?
-34
Let d(w) = w**3 + 41*w**2 + 78*w - 92. What is d(-39)?
-92
Let n(z) = 14*z - 97. Give n(19).
169
Let q(i) = -46*i**3 - 6*i**2 + 5*i + 2. Determine q(1).
-45
Let u(q) = 3*q**2 - 15*q - 155. Calculate u(-6).
43
Let z(b) = -10*b - 88. Calculate z(-9).
2
Let a(v) = -v**3 - 10*v**2 - 36*v - 251. Give a(-10).
109
Let w(q) = -q**3 - 28*q**2 + 69*q - 50. What is w(-30)?
-320
Let g(f) = 46*f**3 - 411*f**2 - 33*f + 53. Give g(9).
-1
Let q(r) = r**2 - 12*r + 212. Give q(18).
320
Let l(o) = -119*o - 1510. Determine l(-13).
37
Let b(x) = x**2 + 300*x + 8. Determine b(0).
8
Let d(u) = 2938*u - 14675. Calculate d(5).
15
Let s(c) = 150*c + 9749. What is s(-63)?
299
Let h(d) = -6187*d - 6167. Determine h(-1).
20
Let n(v) = 595*v + 87471. Calculate n(-147).
6
Let w(c) = 128*c + 2946. Determine w(-23).
2
Let n(h) = 231*h + 3710. Determine n(-16).
14
Let j(c) = -10291*c - 72032. Calculate j(-7).
5
Let d(i) = i**3 - 4*i - 70. What is d(0)?
-70
Let m(z) = -22*z + 233. Give m(11).
-9
Let n(j) = -2*j**2 + 30*j - 10. Give n(0).
-10
Let k(y) = 3*y**2 + 93*y + 293. What is k(-3)?
41
Let g(c) = 577*c + 6968. Determine g(-12).
44
Let s(r) = -4*r**2 + 11971*r + 11972. Calculate s(-1).
-3
Let n(u) = u**2 + 39*u - 1697. Give n(-65).
-7
Let f(i) = 118*i + 73. Calculate f(-4).
-399
Let h(r) = r**2 + 3*r - 1396. What is h(-39)?
8
Let l(d) = -2*d**2 + 2*d + 206. What is l(15)?
-214
Let p(d) = -2*d**3 - 33*d**2 + 26*d + 153. Calculate p(-17).
0
Let h(g) = 812*g + 3290. Determine h(-4).
42
Let j(z) = -466*z - 2777. Determine j(-6).
19
Let q(k) = 11119*k - 22243. Give q(2).
-5
Let p(x) = -x**2 - 15*x + 454. Give p(-38).
-420
Let i(p) = -19*p - 4. Determine i(17).
-327
Let d(t) = 7*t**3 - 181*t**2 - 25*t - 19. Determine d(26).
7
Let z(w) = -14*w + 1. Calculate z(-8).
113
Let x(l) = -l**3 - 4*l**2 + 119*l - 229. Determine x(2).
-15
Let y(i) = -i**3 - 20*i**2 + 175*i + 89. Determine y(-26).
-405
Let p(r) = -159*r**2 - 958*r - 26. Determine p(-6).
-2
Let s(f) = -f**3 - 10*f**2 + 272*f + 120. Give s(-22).
-56
Let w(h) = 2*h**2 - 61*h - 1068. What is w(-13)?
63
Let g(w) = w**3 - 11*w**2 + 24*w + 50. What is g(-2)?
-50
Let o(g) = -22*g**2 - 2*g + 5. Give o(3).
-199
Let k(a) = 234*a - 5937. Give k(24).
-321
Let x(o) = 9*o + 93. Determine x(4).
129
Let w(n) = -7*n**2 + 38*n - 30. Calculate w(4).
10
Let n(o) = -o**2 - 13*o + 174. Calculate n(-22).
-24
Let m(z) = 23*z - 679. Give m(30).
11
Let y(b) = 174*b**3 + b**2 + 21*b - 19. What is y(1)?
177
Let k(i) = -35*i**2 - 176*i - 22. Give k(-5).
-17
Let v(w) = 222*w + 7948. Calculate v(-36).
-44
Let h(o) = 12*o**2 - 252*o + 1. What is h(21)?
1
Let a(l) = 2*l**3 + 20*l**2 + 9*l + 27. Give a(-10).
-63
Let m(l) = -160*l - 2342. Calculate m(-14).
-102
Let u(j) = j**2 - 11*j - 107. Determine u(-7).
19
Let i(g) = -24235*g - 6. Give i(0).
-6
Let m(u) = 25*u**2 + 100*u + 4. Determine m(-4).
4
Let l(d) = 18*d**3 - 243*d - 242. What is l(-1)?
-17
Let b(n) = -23*n**2 - 27*n + 20. Give b(2).
-126
Let y(s) = -93*s - 1396. Calculate y(-15).
-1
Let i(j) = 2*j**3 - 89*j**2 + 45*j + 101. Calculate i(44).
145
Let w(q) = -q**3 + 14*q**2 + 169*q - 2312. Determine w(12).
4
Let p(x) = 2*x**2 + 112*x + 1331. Give p(-15).
101
Let i(c) = -27*c**3 - 841*c**2 - 122*c + 60. What is i(-31)?
-2
Let p(x) = -2*x**2 + 64*x + 28. Determine p(28).
252
Let x(n) = 4*n**3 + 57*n**2 - 50*n - 79. Give x(-15).
-4
Let f(x) = 24*x - 98. Determine f(10).
142
Let v(k) = -85*k - 906. Give v(-12).
114
Let q(l) = l**2 + 3*l - 74. What is q(-8)?
-34
L